{"id":164,"date":"2023-08-21T22:23:59","date_gmt":"2023-08-21T19:23:59","guid":{"rendered":"https:\/\/dunyadiliturkce2024.harran.edu.tr\/?page_id=164"},"modified":"2024-05-09T10:25:47","modified_gmt":"2024-05-09T07:25:47","slug":"visa-information","status":"publish","type":"page","link":"https:\/\/dunyadiliturkce2024.harran.edu.tr\/index.php\/registration\/visa-information\/","title":{"rendered":"V\u0130ZE B\u0130LG\u0130LER\u0130"},"content":{"rendered":"\n<p>Travelers coming to Turkey are required to have the following documentation:<\/p>\n\n\n\n<ul class=\"wp-block-list\">\n<li>A valid passport or equivalent travel document.<\/li>\n\n\n\n<li>Comply with Turkey&#8217;s visa requirements if applicable.<\/li>\n<\/ul>\n\n\n\n<p>for dunyadiliturkce2024 conference attendees, you can obtain an invitation letter from the conference secretariat to support your visa application (<a href=\"mailto:dunyadiliturkce2024@harran.edu.tr\">dunyadiliturkce2024@harran.edu.tr<\/a>).<\/p>\n\n\n\n<p>For detailed instructions on the Turkish visa application process, please refer to the <a href=\"https:\/\/www.mfa.gov.tr\/visa-information-for-foreigners.en.mfa\">Ministry of Foreign Affairs<\/a>&#8216; official website.<\/p>\n","protected":false},"excerpt":{"rendered":"<p>Travelers coming to Turkey are required to have the following documentation: for dunyadiliturkce2024 conference attendees, you can obtain an invitation letter from the conference secretariat to support your visa application (dunyadiliturkce2024@harran.edu.tr). For detailed instructions on the Turkish visa application process, please refer to the Ministry of Foreign Affairs&#8216; official website.<\/p>\n","protected":false},"author":1,"featured_media":0,"parent":174,"menu_order":3,"comment_status":"closed","ping_status":"closed","template":"","meta":{"footnotes":""},"class_list":["post-164","page","type-page","status-publish","hentry"],"_links":{"self":[{"href":"https:\/\/dunyadiliturkce2024.harran.edu.tr\/index.php\/wp-json\/wp\/v2\/pages\/164","targetHints":{"allow":["GET"]}}],"collection":[{"href":"https:\/\/dunyadiliturkce2024.harran.edu.tr\/index.php\/wp-json\/wp\/v2\/pages"}],"about":[{"href":"https:\/\/dunyadiliturkce2024.harran.edu.tr\/index.php\/wp-json\/wp\/v2\/types\/page"}],"author":[{"embeddable":true,"href":"https:\/\/dunyadiliturkce2024.harran.edu.tr\/index.php\/wp-json\/wp\/v2\/users\/1"}],"replies":[{"embeddable":true,"href":"https:\/\/dunyadiliturkce2024.harran.edu.tr\/index.php\/wp-json\/wp\/v2\/comments?post=164"}],"version-history":[{"count":6,"href":"https:\/\/dunyadiliturkce2024.harran.edu.tr\/index.php\/wp-json\/wp\/v2\/pages\/164\/revisions"}],"predecessor-version":[{"id":1044,"href":"https:\/\/dunyadiliturkce2024.harran.edu.tr\/index.php\/wp-json\/wp\/v2\/pages\/164\/revisions\/1044"}],"up":[{"embeddable":true,"href":"https:\/\/dunyadiliturkce2024.harran.edu.tr\/index.php\/wp-json\/wp\/v2\/pages\/174"}],"wp:attachment":[{"href":"https:\/\/dunyadiliturkce2024.harran.edu.tr\/index.php\/wp-json\/wp\/v2\/media?parent=164"}],"curies":[{"name":"wp","href":"https:\/\/api.w.org\/{rel}","templated":true}]}}