{"id":1124,"date":"2024-05-12T23:29:53","date_gmt":"2024-05-12T20:29:53","guid":{"rendered":"https:\/\/dunyadiliturkce2024.harran.edu.tr\/?page_id=1124"},"modified":"2024-10-10T13:22:22","modified_gmt":"2024-10-10T10:22:22","slug":"danisma-kurulu","status":"publish","type":"page","link":"https:\/\/dunyadiliturkce2024.harran.edu.tr\/index.php\/committee\/danisma-kurulu\/","title":{"rendered":"DANI\u015eMA KURULU"},"content":{"rendered":"\n<p><strong>Prof. Dr. Abdurrahman G\u00dcZEL<\/strong><\/p>\n\n\n\n<p>(1. Uluslararas\u0131 D\u00fcnya Dili T\u00fcrk\u00e7e Sempozyumu D\u00fczenleme Kurulu Ba\u015fkan\u0131)<\/p>\n\n\n\n<p>&nbsp;<strong>&nbsp;Prof. Dr. Ahmet PEHL\u0130VAN<\/strong><\/p>\n\n\n\n<p>(2. Uluslararas\u0131 D\u00fcnya Dili T\u00fcrk\u00e7e Sempozyumu D\u00fczenleme Kurulu Ba\u015fkan\u0131)<\/p>\n\n\n\n<p>&nbsp;<strong>&nbsp;Prof. Dr. \u015eerif Ali BOZKAPLAN<\/strong><\/p>\n\n\n\n<p>(3. Uluslararas\u0131 D\u00fcnya Dili T\u00fcrk\u00e7e Sempozyumu D\u00fczenleme Kurulu Ba\u015fkan\u0131)<\/p>\n\n\n\n<p><strong>&nbsp;&nbsp;Prof. Dr. Pervin \u00c7APAN<\/strong><\/p>\n\n\n\n<p>(4. Uluslararas\u0131 D\u00fcnya Dili T\u00fcrk\u00e7e Sempozyumu D\u00fczenleme Kurulu Ba\u015fkan\u0131)<\/p>\n\n\n\n<p>&nbsp;&nbsp;<strong>Prof. Dr. Turgut TOK<\/strong><\/p>\n\n\n\n<p>(5. Uluslararas\u0131 D\u00fcnya Dili T\u00fcrk\u00e7e Sempozyumu D\u00fczenleme Kurulu Ba\u015fkan\u0131)<\/p>\n\n\n\n<p>&nbsp;&nbsp;<strong>Prof. Dr. Hatice \u015eAH\u0130N<\/strong><\/p>\n\n\n\n<p>(6. Uluslararas\u0131 D\u00fcnya Dili T\u00fcrk\u00e7e Sempozyumu D\u00fczenleme Kurulu Ba\u015fkan\u0131)<\/p>\n\n\n\n<p>&nbsp;<strong>&nbsp;Prof. Dr. Ahmet BURAN<\/strong><\/p>\n\n\n\n<p>(7. Uluslararas\u0131 D\u00fcnya Dili T\u00fcrk\u00e7e Sempozyumu D\u00fczenleme Kurulu Ba\u015fkan\u0131)<\/p>\n\n\n\n<p>&nbsp;<strong>Dr. \u00d6\u011fr. \u00dcyesi Hayrettin PARLAKYILDIZ<\/strong><\/p>\n\n\n\n<p>(8. Uluslararas\u0131 D\u00fcnya Dili T\u00fcrk\u00e7e Sempozyumu D\u00fczenleme Kurulu Ba\u015fkanlar\u0131)<\/p>\n\n\n\n<p>&nbsp;<strong>&nbsp;Prof. Dr. \u0130lhan ERDEM<\/strong><\/p>\n\n\n\n<p>(9. Uluslararas\u0131 D\u00fcnya Dili T\u00fcrk\u00e7e Sempozyumu D\u00fczenleme Kurulu Ba\u015fkan\u0131)<\/p>\n\n\n\n<p>&nbsp;<strong>&nbsp;Prof. Dr. Ferruh A\u011eCA<\/strong><\/p>\n\n\n\n<p>(10. Uluslararas\u0131 D\u00fcnya Dili T\u00fcrk\u00e7e Sempozyumu D\u00fczenleme Kurulu Ba\u015fkan\u0131)<\/p>\n\n\n\n<p>&nbsp;&nbsp;<strong>Prof. Dr. Serkan \u015eEN &#8211; Dr. \u00d6\u011fr. \u00dcyesi Mediha MANGIR<\/strong><\/p>\n\n\n\n<p>(11. Uluslararas\u0131 D\u00fcnya Dili T\u00fcrk\u00e7e Sempozyumu D\u00fczenleme Kurulu Ba\u015fkan\u0131 ve Yard\u0131mc\u0131s\u0131)<\/p>\n\n\n\n<p>&nbsp;&nbsp;<strong>Prof. Dr. \u0130hsan KALENDERO\u011eLU<\/strong><\/p>\n\n\n\n<p>(12. Uluslararas\u0131 D\u00fcnya Dili T\u00fcrk\u00e7e Sempozyumu D\u00fczenleme Kurulu Ba\u015fkan\u0131)<\/p>\n\n\n\n<p>&nbsp;<strong>&nbsp;Prof. Dr. Hasan Ali ES\u0130R &#8211; Do\u00e7. Dr. \u00dcmit HUNUTLU&nbsp;<\/strong><\/p>\n\n\n\n<p>(13. Uluslararas\u0131 D\u00fcnya Dili T\u00fcrk\u00e7e Sempozyumu D\u00fczenleme Kurulu Ba\u015fkanlar\u0131)<\/p>\n\n\n\n<p>&nbsp;<strong>Prof. Dr. \u00d6zg\u00fcr Kas\u0131m AYDEM\u0130R<\/strong><\/p>\n\n\n\n<p>(14. Uluslararas\u0131 D\u00fcnya Dili T\u00fcrk\u00e7e Sempozyumu D\u00fczenleme Kurulu Ba\u015fkan\u0131)<\/p>\n\n\n\n<p><strong>Prof. Dr. Alparslan OKUR-Prof. Dr. Paki K\u00dc\u00c7\u00dcKER<\/strong><\/p>\n\n\n\n<p>(15. Uluslararas\u0131 D\u00fcnya Dili T\u00fcrk\u00e7e Sempozyumu D\u00fczenleme Kurulu Ba\u015fkanlar\u0131)<\/p>\n\n\n\n<p><strong>Do\u00e7. Dr. Osman T\u00dcRK<\/strong>&#8211;<strong>Do\u00e7. Dr. Ahmet Turan DO\u011eAN <\/strong><\/p>\n\n\n\n<p>(16. Uluslararas\u0131 D\u00fcnya Dili T\u00fcrk\u00e7e Sempozyumu D\u00fczenleme Kurulu Ba\u015fkanlar\u0131)<\/p>\n","protected":false},"excerpt":{"rendered":"<p>Prof. Dr. Abdurrahman G\u00dcZEL (1. Uluslararas\u0131 D\u00fcnya Dili T\u00fcrk\u00e7e Sempozyumu D\u00fczenleme Kurulu Ba\u015fkan\u0131) &nbsp;&nbsp;Prof. Dr. Ahmet PEHL\u0130VAN (2. Uluslararas\u0131 D\u00fcnya Dili T\u00fcrk\u00e7e Sempozyumu D\u00fczenleme Kurulu Ba\u015fkan\u0131) &nbsp;&nbsp;Prof. Dr. \u015eerif Ali BOZKAPLAN (3. Uluslararas\u0131 D\u00fcnya Dili T\u00fcrk\u00e7e Sempozyumu D\u00fczenleme Kurulu Ba\u015fkan\u0131) &nbsp;&nbsp;Prof. Dr. Pervin \u00c7APAN (4. Uluslararas\u0131 D\u00fcnya Dili T\u00fcrk\u00e7e Sempozyumu D\u00fczenleme Kurulu Ba\u015fkan\u0131) &nbsp;&nbsp;Prof. Dr. &hellip; <\/p>\n","protected":false},"author":1,"featured_media":0,"parent":170,"menu_order":4,"comment_status":"closed","ping_status":"closed","template":"","meta":{"footnotes":""},"class_list":["post-1124","page","type-page","status-publish","hentry"],"_links":{"self":[{"href":"https:\/\/dunyadiliturkce2024.harran.edu.tr\/index.php\/wp-json\/wp\/v2\/pages\/1124","targetHints":{"allow":["GET"]}}],"collection":[{"href":"https:\/\/dunyadiliturkce2024.harran.edu.tr\/index.php\/wp-json\/wp\/v2\/pages"}],"about":[{"href":"https:\/\/dunyadiliturkce2024.harran.edu.tr\/index.php\/wp-json\/wp\/v2\/types\/page"}],"author":[{"embeddable":true,"href":"https:\/\/dunyadiliturkce2024.harran.edu.tr\/index.php\/wp-json\/wp\/v2\/users\/1"}],"replies":[{"embeddable":true,"href":"https:\/\/dunyadiliturkce2024.harran.edu.tr\/index.php\/wp-json\/wp\/v2\/comments?post=1124"}],"version-history":[{"count":3,"href":"https:\/\/dunyadiliturkce2024.harran.edu.tr\/index.php\/wp-json\/wp\/v2\/pages\/1124\/revisions"}],"predecessor-version":[{"id":1380,"href":"https:\/\/dunyadiliturkce2024.harran.edu.tr\/index.php\/wp-json\/wp\/v2\/pages\/1124\/revisions\/1380"}],"up":[{"embeddable":true,"href":"https:\/\/dunyadiliturkce2024.harran.edu.tr\/index.php\/wp-json\/wp\/v2\/pages\/170"}],"wp:attachment":[{"href":"https:\/\/dunyadiliturkce2024.harran.edu.tr\/index.php\/wp-json\/wp\/v2\/media?parent=1124"}],"curies":[{"name":"wp","href":"https:\/\/api.w.org\/{rel}","templated":true}]}}